 b. Determine g(n).
2
Suppose 4*j - 27 = 3*g, -5*g = -j - 0*g + 28. Let u(y) = y**2 - 3*y. What is u(j)?
0
Suppose 0 = 3*i - 6 + 18. Let w(q) be the first derivative of 6*q + q**2 - q + 0*q - 3. Calculate w(i).
-3
Suppose p - 6*u - 23 = -2*u, 4*p - u - 32 = 0. Let i(n) = 3 + 4*n + n**3 - 4*n**2 + 4*n**2 - p*n. Suppose -5 - 1 = -3*f. Determine i(f).
5
Let l(n) be the third derivative of n**6/120 + n**4/24 + n**3/6 + 34*n**2. Calculate l(2).
11
Let v be 36/(-21)*(-14)/4. Let g(d) = -d**3 + 6*d**2 - d + 4. Give g(v).
-2
Let u(t) = 4*t + 4. Let l(n) = 13 - 7 - 3 + 2 + 5*n. Let o(q) = 3*l(q) - 4*u(q). Calculate o(-2).
1
Let n(i) = i**3 - 5*i**2 - 7*i + 9. Suppose 6*l - 60 = -24. What is n(l)?
3
Let b be (-2)/2*(-3)/1. Suppose m = -b*m + 12. Let u(g) = 5*g - 4 - g - m*g. Determine u(-3).
-7
Suppose x - 10 = 3*l, 2*l - 5*x - 3 + 1 = 0. Let h(p) = 2*p - 1. Determine h(l).
-9
Let b(f) be the third derivative of 5*f**4/4 - f**3/6 - 10*f**2 + 1. What is b(-1)?
-31
Let c(g) be the third derivative of g**5/60 - g**4/8 - 2*g**3/3 - 36*g**2. Calculate c(3).
-4
Let i be (-7)/((-7)/(-4)) - -1. Let g(z) = 2*z - 1. Give g(i).
-7
Let p(g) = -8*g. Let o be 30/12 - (-9)/(-6). Give p(o).
-8
Suppose -4*d + 7*d = 9. Suppose 2*b - 5*g = 3*b + 7, d*b - g - 11 = 0. Let x(f) = -f**2 + f**3 - b*f - 3 + 0*f - 1. Calculate x(3).
5
Let d(o) = o**2 - 6*o - 1. Suppose -3*s = -48 + 33. Calculate d(s).
-6
Let k(s) be the first derivative of -s**4/4 + 4*s**3/3 + s**2/2 + 5*s - 48. Calculate k(4).
9
Let l(z) = -z + 11. Suppose -24*o + 18*o + 60 = 0. Calculate l(o).
1
Suppose -w + 0*d = -3*d + 13, 4*d - 26 = -3*w. Suppose -w - 4 = 2*h. Let p(v) = -v - 1. Determine p(h).
2
Let j = -2 + 0. Let g(v) = -v - 1. Let x be g(j). Let h be -3*x*(0 - -1). Let s(i) = i**3 + 4*i**2 + 5*i + 2. What is s(h)?
-4
Let r be 6*3*(-2)/(-18). Let v(b) = -b - r - b + 5 + 3*b. Suppose 3*n - 4*z = z, 0 = -2*n - 2*z. Determine v(n).
3
Let g(h) = h. Let l be g(-5). Let r(u) be the first derivative of u**2/2 - 1. Give r(l).
-5
Let a(u) = 3 - 6*u + 0*u + 8*u**2 + 2*u - 5*u**2. What is a(2)?
7
Let f(v) be the second derivative of v**3/6 + v**2 + 8*v. Determine f(-4).
-2
Let l(s) = s**3 - 3*s**2 - 2*s - 2. Let g(a) = -3*a**3 + 6*a**2 + 4*a + 3. Let r(f) = 2*g(f) + 5*l(f). Give r(-3).
2
Let y(l) = -l**3 + 5*l**2 - 4*l + 5. Suppose -4*s + 56 = -2*j + 3*j, s - j = 9. Let r = 27 - s. Suppose -3*t + r - 2 = 0. Calculate y(t).
5
Let b = -4 - -2. Let z(r) = -r**2 + 3 + 2*r - r**2 + 4*r**2. Determine z(b).
7
Let x(q) be the first derivative of 5*q**2/2 + 5*q + 15. Give x(-4).
-15
Let p(n) = 9*n + 7. Let k be p(-1). Let g(m) = 5 - 2 + 0 + 3*m**2 + 4*m. Give g(k).
7
Let z(t) = t - 8. Suppose 2*k - 5*k - 18 = 0. Let f = k - -8. Suppose p = f*p. What is z(p)?
-8
Suppose -3*g + 24 = 3. Let y = g + -4. Let d = y - 2. Let j(h) = -4*h + 1. What is j(d)?
-3
Suppose -22 = -5*s - 7. Let c(n) = 7*n**2 - s - n**3 + 1 + n**2 - 5*n**2. Suppose -2*w + 4*v = -6*w + 16, 4*w - 5*v = 7. Calculate c(w).
-2
Let z(w) be the first derivative of -w**5/60 + w**4/4 + w**3/6 - 9*w**2/2 + 6. Let h(u) be the second derivative of z(u). Give h(6).
1
Let f(g) = g**3 + 6*g**2 + 4*g + 4. Suppose -6*h = -0*h + 36. Calculate f(h).
-20
Suppose -z - r = -3, 4 = -z + 3*r - 5. Let t(j) be the third derivative of -1/4*j**4 + 0*j + 3*j**2 + z - 7/6*j**3 - 1/60*j**5. Give t(-5).
-2
Suppose -10 = 4*i + 2. Let h(p) = p**3 - 2*p**2 - 5*p + 4. Let m(g) = -g**3 + g**2 + 4*g - 4. Let r(z) = 3*h(z) + 4*m(z). Determine r(i).
2
Let k(q) = q**3 + 6*q**2 - 9*q - 10. Let x be k(-7). Let g(n) = 4 + x*n - 4*n + n + 0*n. Calculate g(-3).
1
Let q(m) = -m**3 - 4*m**2 + 5. Suppose 16*h = -23 - 41. What is q(h)?
5
Let z(y) = -y**2 + 6*y - 4. Let k be z(4). Let q(g) = -5*g**3 + 3*g**2 + 5*g - 5. Let s(l) = -9*l**3 + 6*l**2 + 10*l - 9. Let i(c) = 7*q(c) - 4*s(c). Give i(k).
-3
Suppose 5*i + 22 = g - 0*g, -5*g - 5*i = -20. Let l(f) = -2 + g + 1 - 5 + 13*f. Give l(-1).
-12
Let d(f) be the first derivative of -f**3/3 - 7*f**2/2 + 10*f + 11. What is d(-7)?
10
Let m(x) = x**2 - 2*x. Let w(l) = -l**2 - 9*l - 7. Let r be w(-6). Let v(f) = -4*f - f**3 + 0*f**2 - 5*f**2 + 7 + 0*f + r*f. Let n be v(-6). What is m(n)?
-1
Suppose -11 = -y - 2*u, -5*y - 5 = -0*u - 2*u. Let s(g) = 2*g + 11. Let j(d) = -3*d - 14. Let z(p) = 3*j(p) + 4*s(p). Give z(y).
1
Let y(c) be the first derivative of -13*c**2/2 + c - 13. Give y(1).
-12
Let h(z) be the second derivative of -z**4/12 - 2*z**3/3 + 2*z**2 - 2*z. Let c = -4 - -6. Suppose -5*v - 3*g - 34 = 0, g - 5*g = -c*v + 2. Determine h(v).
-1
Let p(v) = -v**2 + 5*v - 4. Suppose -2*s + 3 + 5 = 0. What is p(s)?
0
Let y(h) be the third derivative of 2/3*h**3 + 0 + 0*h + 5/24*h**4 - 6*h**2. Determine y(-3).
-11
Let q(b) = -3 - b + 9*b**2 + 2 + b**3 + 7 - 10*b**2. Calculate q(0).
6
Let o(h) = h + 0 + 2*h + 6 - 2*h. Let m be o(-5). Let y(l) = 7*l - 1. Calculate y(m).
6
Let t(h) = 9*h**2 - 10*h**2 - 2 + h + 0*h**2. Let o be ((-2)/(-3))/(2/9). What is t(o)?
-8
Let q = -4 + 7. Suppose -5*d = q*p + 10 + 19, 0 = -4*p - 12. Let i be ((-2)/d)/((-3)/12). Let f(k) = -k**2 + 2. Determine f(i).
-2
Let j(w) = w**2 + 3*w - 3. Let o(d) be the second derivative of d**3/3 - 4*d**2 + d. Let c be o(6). Suppose -2*l = c + 6. Give j(l).
7
Let z(g) = -2*g**3 + g**2 + 3*g - 2. Let m = 16 - 14. Determine z(m).
-8
Let d(t) = t**2 - 6*t - 5. Suppose 6 = -7*y + 8*y. Give d(y).
-5
Let h = 14 - 11. Let l = 3 - h. Let f(o) = o**3 - o**2 - 8. Give f(l).
-8
Let x(o) = o**3 + 2*o + 3. Let r(m) be the second derivative of -m**5/20 - m**3/6 - m**2 + 5*m. Let d be r(0). What is x(d)?
-9
Let s = 1 + 3. Suppose 2*l = 5*l. Let p(i) = 4*i**2 + 4*i**2 + l*i**2 - 7*i**2 - 4*i - 4. Determine p(s).
-4
Let h(n) = -2*n + 6. Let w(z) = z**3 + 6*z**2 - 8*z - 3. Let r be w(-7). Calculate h(r).
-2
Let s(x) = -x**2 + 2*x. Let b(c) = 5*c**3 - 1. Let p be b(1). Let h be -6 + p - 0/1. What is s(h)?
-8
Let t(c) = 1. Let j(x) = x + 3. Let f(l) = -j(l) + 5*t(l). Let u(y) = -y + 3. Let i(a) = -5*f(a) + 3*u(a). Determine i(3).
5
Let q(y) be the second derivative of 2*y**3/3 - y**2/2 - 29*y. Give q(2).
7
Let k(q) be the second derivative of 5*q**3/6 + q**2/2 - q. Suppose 4*f + 7 = 3*i + 6, 0 = 4*i - 3*f + 1. What is k(i)?
-4
Let m(z) = -z + 1. Let w be ((-126)/(-12) + -6)/((-6)/8). Determine m(w).
7
Suppose 3*k + 4*i + 29 = 0, 3*k + k = 4*i + 8. Let j(r) = 2*r - 3*r + 0*r + 4. Determine j(k).
7
Let w be 12/8 + (-2)/(-4). Let p(m) = 1 - 1 + 1. Let u(n) = -3*n + 2. Let l(f) = -3*p(f) + u(f). Calculate l(w).
-7
Let n(c) = c**3 + 6*c**2 + 8*c - 3 - 8*c - c. Calculate n(-6).
3
Let n(s) = s**2 + 3 + 2*s - 5 - 5*s + 0*s**2. Give n(3).
-2
Let j = -7 - -8. Suppose -j = -5*o - 16. Let q(g) = 5*g**2 - 1. Let t(b) = 4*b**2 + b - 2. Let i(m) = -2*q(m) + 3*t(m). Give i(o).
5
Let g(y) be the second derivative of y**3/6 - y. Calculate g(-4).
-4
Let q(a) = -5*a - 14. Let f(x) = -14*x - 41. Let b(u) = 6*f(u) - 17*q(u). Calculate b(9).
1
Let o be ((8/(-5))/2)/((-10)/(-50)). Let j(k) = -2*k**2 - 6*k - 4. Determine j(o).
-12
Let s(m) be the third derivative of -m**6/120 - m**5/10 - m**4/24 - 7*m**3/6 + 5*m**2. Let c(v) = v**2 + 7*v + 4. Let j be c(-5). Calculate s(j).
-1
Let r(q) = -4*q**2 + 14*q**3 - 3 + 1 + q - 15*q**3. Calculate r(-5).
18
Suppose 0 = -4*k + 8. Let h be 1/(k - 1)*-1. Let w(b) be the second derivative of b**3/2 - b**2/2 + b. What is w(h)?
-4
Suppose -19 - 1 = -4*r. Suppose -2 + 17 = r*k. Let t(p) = 3*p - 2. What is t(k)?
7
Let p(h) = -2*h - 6. Let g = 3 - 8. Give p(g).
4
Let x(v) = v**2 + 6*v - 2. Let n be 5 + -8 + (-2 - 1 - -1). What is x(n)?
-7
Suppose 4 = y - 0. Let k(r) be the second derivative of -1/12*r**y + 0 - r**2 - r**3 - r. Determine k(-4).
6
Let y(u) = 4*u**3 + u**2 - 1. Let s = -1 - -5. Suppose 3*w - 3*h + 3 = h, -4*w = 5*h + s. Give y(w).
-4
Let h be (-14)/(-35) + (-46)/(-10). Let g(d) = -d - 2. Determine g(h).
-7
Suppose 8 = -3*x + x, 3*x + 7 = -5*g. Let b(c) = 5*c**2 + g - c**2 - 2 - 2*c**2. Determine b(1).
1
Let k(z) = -z**2 + 4*z + 1. Let u be (-4 - 11/(-1)) + -4. Calculate k(u).
4
Let w be (1*-4)/(-4 + 3). Suppose 6 = 2*q, -5*n - w*q + 3*q = -53. Suppose 5*o + n = 2*g - 7*g, -4*g - 14 = -2*o. Let s(m) = m**3 + 2*m**2 - 2*m + 3. Give s(g).
0
Let d(u) be the first derivative of 0*u**2 + 1/24*u**5 + 0*u + 2 -